25 - -24) + -133 + -147.
-131
47 - ((-10 - (-5 - (7 - 3))) + 7) - 2
39
What is (11 + 12 - 17) + (-136 - 34) - -17?
-147
Evaluate 0 + 35 + 36 + (1 - 51).
21
Evaluate -53 - (17 + (56 - 118)).
-8
0 + -1 + -3 + -13 + 0 - 12
-29
What is (0 - -48) + -309 + 306?
45
-1 + -35 + (-20 - (34 - 64)) - 9
-35
(4 - 14) + (60 - 43)
7
31 + (2 - -6 - (22 + 66))
-49
What is -110 - (21 - ((-18 - 2) + (9 - -13)))?
-129
Evaluate (-3 + 1 + 0 - 42) + (-74 - -68) - -10.
-40
What is -18 + (9 - 82) + (-3 - -28)?
-66
Calculate 41 + (13 - (49 - (-12 + 28))).
21
What is (15 - (25 + -6)) + -24 + -1 + -4?
-33
What is (-2 + 2 - (17 + 0)) + -99203 + 99180?
-40
What is the value of -19 + (-121 - -126) + (3 - -4)?
-7
4 + (-86 - (2 - -26 - 9 - 8))
-93
What is the value of (1 + -5 - (-62 - -49)) + (-5 - (-4 - -3))?
5
What is 9 + (-18 - -8) + 4 + -7 + 78?
74
What is the value of -10 - (-54 + 12 + -2) - (-17 - -31)?
20
What is the value of 11 - (-10 - (10 - 7)) - (-6 + 10 - -6)?
14
Evaluate 4 - (-8 + 3 + -3 + (-117 - -175)).
-46
Calculate 24 - (32 + (41 - 23)) - 6.
-32
What is the value of -23 - (87 + -46 + 27)?
-91
What is (-5 - -39) + (16 + -20 - 10)?
20
Evaluate (2 - 1 - 29) + 0 + -49 + 40.
-37
Evaluate -22 + -2 + 1 - (-5 + 5 + -11).
-12
Evaluate -49 + (31 - 20 - (57 - 52 - (-4 - -1))).
-46
What is -45 + 89 - (125 + 28)?
-109
What is -35 - (11 - (9 + -20)) - -16?
-41
What is 42 + 34 + -58 + -4?
14
What is -20 + (65 - 72 - 51)?
-78
Calculate 101 + (55 - -1) + -230.
-73
What is 1 - (-5 + 152 - 77)?
-69
Evaluate 64 + -41 + 2 + -8 + (-24 - -35).
28
-39 - (112 - (10 + 154))
13
Calculate -1 + 59 - (-33141 - -33310).
-111
-116 - -111 - (-4 - 2) - -33
34
What is -26292 + 26282 - (-1 + -84 + -1)?
76
What is (-12 - (14 + -54)) + -54 + 4 + -3 + -9?
-34
Calculate (-260 + 256 - (1 - -14)) + 0 + 6.
-13
What is (-37 - -22 - (3 + -11 + -11)) + 16?
20
(-54 - -203) + -149 - ((1 - -49) + 1)
-51
Calculate (23 + -17 - (-37 + 9)) + -102.
-68
95 + -128 + 49 - (2 + 2 + 81)
-69
What is the value of (6 - (16 + -25)) + -43 + (11 - 24)?
-41
-37 + -14 + 15 + (16 - -72)
52
Calculate (-25 - (-3 + -1)) + (37 - (20 - -17)).
-21
Calculate -25 - -1 - (-16 + 27 + -7) - 3.
-31
Evaluate 55 + -29 + (14 - (-10 - (-6 + -6))).
38
What is 13 + (-50 - -91) + -43?
11
What is the value of 11 - (-3 + 57) - -58?
15
Evaluate -103 - (-89 - -81 - 110).
15
7 - -30 - -20 - (-5 + -4 + -3 + 11)
58
Evaluate -27 - (31 - -3 - -3 - 25).
-39
What is -37 - (-53 + 109 + -52)?
-41
23 - (42 + 35) - -31
-23
What is 58 + -40 + -29 + 53?
42
What is 50 + (-61 - 90) + 43?
-58
Calculate 14 + (-500 + 497 - (21 + -1)) - 104.
-113
What is the value of (27 - 47) + (-6 - (-1 - (2 - 5))) + 4?
-24
Evaluate (-4 + 12 - -1) + (-6 - -21 - 17) + 22.
29
What is the value of (7012 - 7124) + 19 + -1?
-94
Calculate (-109 - -150 - 39) + 20 + -1.
21
-7 - (-63 + 74 + 38 + -3) - -8
-45
What is the value of -36 + -24 + 42 + 47?
29
What is the value of -25 + -18 + 21 + 12 - (0 + -47)?
37
What is the value of 105 + (-150 - (-44 + 70))?
-71
Calculate -15 - (6 + (-11 - 40)).
30
Evaluate -6 + 25 + -27 + 17 + (-3 - -45).
51
Calculate 0 + 19 - ((112 - -74) + -186).
19
Evaluate (-90 - -6 - -4) + 8 + -23 + -2.
-97
What is -8 - (-88 + 11 + -26 + 24)?
71
What is (-1 - 2) + -4 + -26 + -27 + 0 + 1?
-59
What is 5 + (-25 - -15) - (16 - 18) - 44?
-47
67 + (-65 - (-80 + 35))
47
Evaluate -22 - (8 + (20 - 24 - 8)).
-18
Evaluate (-25 - 30) + 46 - ((-11 - -7) + 3 + -14).
6
Calculate -9651 - -9654 - (18 - (-2 + 1)).
-16
Evaluate 9 - (-8 + 10 + 3 + (-3 - 8)).
15
Evaluate -26 - (1 + (16 + -2 - (20 - -9 - 20))).
-32
What is the value of 45 - (12 + (35 + -25 - 24))?
47
What is 56 - (-54 - -80) - (0 - 1 - 2)?
33
What is the value of (18 - -1) + (317 - 330) - (-2 - (46 + 1))?
55
What is (33 - (1 + 5)) + -11?
16
What is -25125 + 25224 + (1 - 157)?
-57
(-93 - (32 - 45 - 9)) + -21
-92
Calculate 51 + -25 - 17 - 22 - -70.
57
Evaluate 200 + -131 + -18 + -21.
30
What is 13 + (4 - 16) + 0 + (2 - 8) + 12?
7
Evaluate 41 + 1 - (7403 + -7314).
-47
What is the value of 4 + (5 + (-3 - -1) - 66)?
-59
What is the value of 505 + -513 - (-120 - ((4 - 1) + -8 + 0))?
107
Calculate -59 + 0 - (6 + (18 - 15 - 8)).
-60
0 + 3 + -36 - (-44 - (-57 + 26))
-20
What is the value of 46 + 34 + -102 + (-2 - -62)?
38
Evaluate 76 - (2 - ((11 - (7 - 8)) + -10)) - 9.
67
Calculate 10 + 18 + (-21 - -15) + -3.
19
What is the value of -70 - (108 + 5 + -62)?
-121
Calculate 93 - (130 + -129) - (0 + 2 + -18).
108
What is the value of 8 + 1 + 1 + (51 - 10) + (62 - 111)?
2
What is the value of -89 + 14 + (6 - 30) + 19 + -9?
-89
Calculate -42 + -144 + -55 + 115.
-126
Calculate -40192 + 40184 + 83 + -2 + 1.
74
-4 + -7 + 3 + -6 + 20
6
What is -5 + -10 - 6 - (-151 + 6)?
124
What is -3 + 1 + 3 + 268 + -266?
3
What is 184 - 8 - (5 + 99)?
72
What is the value of -38 - 0 - (4081 + -4065)?
-54
Calculate 6 + (49 - -3 - 49).
9
Calculate 58 - (-8 - -38) - 34.
-6
What is 75 + (73 - 79 - 68)?
1
What is the value of (-64 - (108 + -156)) + 48?
32
Calculate -11 - (-94 - -42 - -47).
-6
Calculate -8 - 37 - (-8 + -14) - 17.
-40
-197 + 210 - (113 + -29 + 15)
-86
What is -26 - (-206 - -233 - (1 + 47))?
-5
Calculate 18 + -25 + 20 - (-35 - -6).
42
What is 43 + -148 + 118 + -41?
-28
-2 + 12 - (5 - (-7 - (-33 + 36)))
-5
Evaluate 26 + (-7 - ((1 - -4) + 1)) - 61.
-48
Calculate 21 - (-12 + 52 - -25).
-44
What is 81 - 101 - (5 - 18)?
-7
What is the value of 47 - 52 - (-86 - -43 - (1 + -8 + -1))?
30
-33 + -116 + 165 + -102
-86
Evaluate -62 + 27 + -78 + 204.
91
-461 + 298 + 112 - (-3 + -2 + (-2 - -2))
-46
Calculate -23 - (3 - 19) - (-8 - 35).
36
Evaluate -186 + -116 + 78 + 71.
-153
What is the value of 49 - (59 + 65 - 2)?
-73
What is the value of -69 - (-48 - -37 - 21 - (4 + -15))?
-48
Calculate 279 - 217 - (8 + 60).
-6
Calculate 33 + (4 - (-10 - (-9 + 0))) + -18.
20
Evaluate 2 + (6 + 11 + 5 - 45).
-21
What is -21 + (33 - 9) + -4 + 51 + -2?
48
What is the value of 21 - (-16 - -33) - (-3 - -4)?
3
What is the value of 42 - (-8 - -47) - -10?
13
Calculate (15 - ((24 - 8) + -15)) + -13 - -75.
76
Evaluate -73 - (-5 - -2) - (1973 - 2005) - (-1 + 12).
-49
What is -4 + -19 + -66 - 11?
-100
What is (31 - 31) + (11 - (-8 - -13)) + -9?
-3
Calculate (-3 - (-26 + 103 + -29)) + 17.
-34
What is the value of (34 - -88) + -129 + 76?
69
What is the value of -6036 + 6002 - (0 - 1 - -4 - -2)?
-39
Calculate (10 - 35) + 28 - (-4 + 28).
-21
Calculate (62 - 7) + -70 - 46.
-61
What is the value of (-10 + 78 + -22 - (1 - -1)) + 5?
49
What is the value of 22 + (-5 - -1) + -3 + 9 - -12?
36
What is the value of 9 + -4 - (-11 - 5 - (-1 + -3 + -4))?
13
What is 41 + (-2 - 8 - -3 - -11 - (-19 + 13))?
51
Calculate 119 + -46 + 25 - (-1 - -40).
59
(-6 - -3 - 27) + 545 + -533
-18
Calculate 155 + (76 - 156) - 55.
20
Evaluate 9 - 2 - -6 - (-10 - 5 - (-13 + -20)).
-5
What is 5 + 0 + 1 - (33 + (-79 - (57 - 21)))?
88
Evaluate 54 + 45 + -23 + -27.
49
What is the value of -15 + -1 - (-79 + (-95 - -169))?
-11
Calculate 27 - (-18 + 54) - -25.
16
Evaluate -4 + 9 - 28 - -28.
5
781 + -793 + (0 - ((-6 - -78) + 5 + -1))
-88
Evaluate -27 - (-55 + 56) - (-57 - 3).
32
Calculate -21 + -41 + (24 - 0).
-38
Calculate (-8 - (-16 + -3 - -12)) + 24.
23
0 - -37 - (33 - (-56 - -2))
-50
What is 13 + (-15 - 64) + 117?
51
Calculate -210 - -241 - (-1 + 46).
-14
What is the value of -6 + (1 - -3) + -9 - (-126 - -122)?
-7
Calculate -55 + -65 + 47 - -16.
-57
Evaluate 4 + 11 + (4 - 5) - (-404 - -390).
28
(-20 - (-6 + 3 + -30)) + -11
2
Calculate 44 + (35 - 31) + -39.
9
Evaluate (-2 + 34 - 25) + -10 - -33.
30
What is 9 - (0 + 9 - (16 + (5 - 22)))?
-1
What is the value of (-36 - 0) + (6 - 56 - -51)?
-35
What is the value of 32 - ((-11 + 46 - 20 - 10) + -8 + 0)?
35
What is 32 - (42 + -34) - 27?
-3
Calculate -1487 - -1437 - (6 + -177).
121
Calculate 21 + (-2 - -3) + -112 + 133.
43
Calculate -19 - (-23 + -25 + 4).
25
What is -7 - (-41 - ((-34 - -40) + 20))?
60
(-6 + -11 - -8) + (-32 - -49) - 59
-51
Evaluate 12 + (-15 + -8 - -58) + 19.
66
What is the value of ((-5 - (10 - 10)) + 1 - (2 - 13)) + 25?
32
What is the value of 25 + (16 + -18 - -11) + -7 + 1?
28
Evaluate -6 + 25 + (-34 - -17) + 0 + 49 + 8.
59
Evaluate -15 - ((35 - 23) + (-17 - -9) + -106).
87
What is -3 - 2 - (-847 + 883 + (-1 - 18))?
-22
What is -19 + -1 + 136 + (-85 - 118)?
-87
-322 